{"id":15105,"date":"2026-02-05T19:24:46","date_gmt":"2026-02-05T18:24:46","guid":{"rendered":"https:\/\/lesfousgerent.fr\/?page_id=15105"},"modified":"2026-02-05T19:38:45","modified_gmt":"2026-02-05T18:38:45","slug":"horaires-des-ateliers","status":"publish","type":"page","link":"https:\/\/lesfousgerent.fr\/index.php\/horaires-des-ateliers\/","title":{"rendered":"Horaires des Ateliers"},"content":{"rendered":"\t\t<div data-elementor-type=\"wp-page\" data-elementor-id=\"15105\" class=\"elementor elementor-15105\">\n\t\t\t\t\t\t<section class=\"elementor-section elementor-top-section elementor-element elementor-element-17f7602 elementor-section-boxed elementor-section-height-default elementor-section-height-default\" data-id=\"17f7602\" data-element_type=\"section\">\n\t\t\t\t\t\t<div class=\"elementor-container elementor-column-gap-default\">\n\t\t\t\t\t<div class=\"elementor-column elementor-col-33 elementor-top-column elementor-element elementor-element-efa1f5b\" data-id=\"efa1f5b\" data-element_type=\"column\">\n\t\t\t<div class=\"elementor-widget-wrap elementor-element-populated\">\n\t\t\t\t\t\t<div class=\"elementor-element elementor-element-9d4286a elementor-widget elementor-widget-image\" data-id=\"9d4286a\" data-element_type=\"widget\" data-widget_type=\"image.default\">\n\t\t\t\t<div class=\"elementor-widget-container\">\n\t\t\t\t\t\t\t\t\t\t\t\t\t\t\t<img decoding=\"async\" src=\"https:\/\/lesfousgerent.fr\/wp-content\/uploads\/2026\/02\/picto3-e1770316197226.jpg\" title=\"picto3\" alt=\"picto3\" loading=\"lazy\" \/>\t\t\t\t\t\t\t\t\t\t\t\t\t\t\t<\/div>\n\t\t\t\t<\/div>\n\t\t\t\t\t<\/div>\n\t\t<\/div>\n\t\t\t\t<div class=\"elementor-column elementor-col-66 elementor-top-column elementor-element elementor-element-1bea4c5\" data-id=\"1bea4c5\" data-element_type=\"column\">\n\t\t\t<div class=\"elementor-widget-wrap elementor-element-populated\">\n\t\t\t\t\t\t<div class=\"elementor-element elementor-element-99e4c5f elementor-widget elementor-widget-text-editor\" data-id=\"99e4c5f\" data-element_type=\"widget\" data-widget_type=\"text-editor.default\">\n\t\t\t\t<div class=\"elementor-widget-container\">\n\t\t\t\t\t\t\t\t\t<p>\u00a0<\/p><h1 style=\"text-align: center;\"><span style=\"text-decoration: underline; color: #339966;\"><strong>Les ateliers de l&rsquo;association \u00ab\u00a0Les Fous G\u00e8rent\u00a0\u00bb\u00a0 \u00a0:<\/strong><\/span><\/h1><p>\u00a0<\/p><ul><li><strong>La Cuisine<\/strong> :\u00a0 le 3i\u00e8me vendredi du mois\u00a0 \u00e0 partir de 18h30 au centre social,\u00a0 1 boulevard\u00a0 de Groslay \u00e0 Foug\u00e8res \u00a0\u00a0 Il est mieux de s&rsquo;inscrire en avance avec le mail\u00a0 assolesfousgerent@yahoo.fr<\/li><li><strong>La Couture<\/strong>\u00a0 :\u00a0 tous les mardis de 14h30 \u00e0 16h30\u00a0\u00a0 \u00e0 la maison de Savigny au premier \u00e9tage, 3 rue de Savigny\u00a0 \u00e0 Foug\u00e8res.<\/li><li><strong>Escrime M\u00e9di\u00e9vale<\/strong> : Salle de l&rsquo;\u00e9cartel\u00e9e \u00e0 Foug\u00e8res \u00e0 partir de 14h\u00a0 le vendredi\u00a0\u00a0 renseignements au 06 87 81 83 04<\/li><li><strong>La Danse<\/strong> : reprend bient\u00f4t<\/li><\/ul>\t\t\t\t\t\t\t\t<\/div>\n\t\t\t\t<\/div>\n\t\t\t\t\t<\/div>\n\t\t<\/div>\n\t\t\t\t\t<\/div>\n\t\t<\/section>\n\t\t\t\t<\/div>\n\t\t","protected":false},"excerpt":{"rendered":"<p>\u00a0 Les ateliers de l&rsquo;association \u00ab\u00a0Les Fous G\u00e8rent\u00a0\u00bb\u00a0 \u00a0: \u00a0 La Cuisine :\u00a0 le 3i\u00e8me vendredi du mois\u00a0 \u00e0 partir de 18h30 au centre social,\u00a0 1 boulevard\u00a0 de Groslay \u00e0 Foug\u00e8res \u00a0\u00a0 Il est mieux de s&rsquo;inscrire en avance avec le mail\u00a0 assolesfousgerent@yahoo.fr La Couture\u00a0 :\u00a0 tous les mardis de 14h30 \u00e0 16h30\u00a0\u00a0 \u00e0 la [&hellip;]<\/p>\n","protected":false},"author":1,"featured_media":0,"parent":0,"menu_order":0,"comment_status":"closed","ping_status":"closed","template":"","meta":{"footnotes":""},"class_list":["post-15105","page","type-page","status-publish","hentry"],"jetpack_sharing_enabled":true,"_links":{"self":[{"href":"https:\/\/lesfousgerent.fr\/index.php\/wp-json\/wp\/v2\/pages\/15105","targetHints":{"allow":["GET"]}}],"collection":[{"href":"https:\/\/lesfousgerent.fr\/index.php\/wp-json\/wp\/v2\/pages"}],"about":[{"href":"https:\/\/lesfousgerent.fr\/index.php\/wp-json\/wp\/v2\/types\/page"}],"author":[{"embeddable":true,"href":"https:\/\/lesfousgerent.fr\/index.php\/wp-json\/wp\/v2\/users\/1"}],"replies":[{"embeddable":true,"href":"https:\/\/lesfousgerent.fr\/index.php\/wp-json\/wp\/v2\/comments?post=15105"}],"version-history":[{"count":8,"href":"https:\/\/lesfousgerent.fr\/index.php\/wp-json\/wp\/v2\/pages\/15105\/revisions"}],"predecessor-version":[{"id":15118,"href":"https:\/\/lesfousgerent.fr\/index.php\/wp-json\/wp\/v2\/pages\/15105\/revisions\/15118"}],"wp:attachment":[{"href":"https:\/\/lesfousgerent.fr\/index.php\/wp-json\/wp\/v2\/media?parent=15105"}],"curies":[{"name":"wp","href":"https:\/\/api.w.org\/{rel}","templated":true}]}}