{"id":13672,"date":"2017-04-18T21:52:48","date_gmt":"2017-04-18T20:52:48","guid":{"rendered":"http:\/\/lesfousgerent.fr\/?page_id=13672"},"modified":"2023-04-25T19:54:38","modified_gmt":"2023-04-25T17:54:38","slug":"fetes-des-lucioles","status":"publish","type":"page","link":"https:\/\/lesfousgerent.fr\/index.php\/fetes-des-lucioles\/","title":{"rendered":"F\u00eates des Lucioles"},"content":{"rendered":"<h3><strong>Une balade aux lampions<\/strong><\/h3>\n<p>Depuis 2015, une id\u00e9e folle a germ\u00e9 (une fois de plus) dans nos t\u00eates : faire revivre \u00e0 la mi-d\u00e9cembre la f\u00eate des lumi\u00e8res, la Sainte-Lucie pour les uns, une r\u00e9miniscence de la F\u00eate des Lutins pour les anciens fougerais.<\/p>\n<p>Baptis\u00e9e <strong>La F\u00eate des Lucioles<\/strong>, l&rsquo;objectif est \u00e0 nouveau de <strong>cr\u00e9er un \u00e9v\u00e9nement populaire, familial et rassembleur<\/strong> pour tous les fougerais autour d&rsquo;une <strong>balade aux lampions<\/strong>. Et comme nous ne faisons pas les choses \u00e0 moiti\u00e9, une s\u00e9rie d&rsquo;animations accompagne les promeneurs du soir dans les rues de Foug\u00e8res, en Haute et en Basse-Ville :<\/p>\n<ul>\n<li>Conteurs et saltimbanques<\/li>\n<li>Jonglerie de feu avec Axel<\/li>\n<li>La F\u00e9e Lumi\u00e8re<\/li>\n<li>Combats \u00e0 l&rsquo;\u00e9p\u00e9e enflamm\u00e9e<\/li>\n<\/ul>\n<p>La prochaine fois, <strong>venez costum\u00e9(e)s<\/strong>, sur le th\u00e8me que vous voulez, le Moyen-\u00c2ge n&rsquo;est pas une obligation. Vous appr\u00e9cierez d&rsquo;autant plus cette balade hors du temps, entre pierres et \u00e9toiles, buissons et Nan\u00e7on, dans notre belle cit\u00e9 de Foug\u00e8res.<\/p>\n","protected":false},"excerpt":{"rendered":"<p>Une balade aux lampions Depuis 2015, une id\u00e9e folle a germ\u00e9 (une fois de plus) dans nos t\u00eates : faire revivre \u00e0 la mi-d\u00e9cembre la f\u00eate des lumi\u00e8res, la Sainte-Lucie pour les uns, une r\u00e9miniscence de la F\u00eate des Lutins pour les anciens fougerais. Baptis\u00e9e La F\u00eate des Lucioles, l&rsquo;objectif est \u00e0 nouveau de cr\u00e9er [&hellip;]<\/p>\n","protected":false},"author":1,"featured_media":13572,"parent":0,"menu_order":0,"comment_status":"closed","ping_status":"closed","template":"","meta":{"footnotes":""},"class_list":["post-13672","page","type-page","status-publish","has-post-thumbnail","hentry"],"jetpack_sharing_enabled":true,"_links":{"self":[{"href":"https:\/\/lesfousgerent.fr\/index.php\/wp-json\/wp\/v2\/pages\/13672","targetHints":{"allow":["GET"]}}],"collection":[{"href":"https:\/\/lesfousgerent.fr\/index.php\/wp-json\/wp\/v2\/pages"}],"about":[{"href":"https:\/\/lesfousgerent.fr\/index.php\/wp-json\/wp\/v2\/types\/page"}],"author":[{"embeddable":true,"href":"https:\/\/lesfousgerent.fr\/index.php\/wp-json\/wp\/v2\/users\/1"}],"replies":[{"embeddable":true,"href":"https:\/\/lesfousgerent.fr\/index.php\/wp-json\/wp\/v2\/comments?post=13672"}],"version-history":[{"count":1,"href":"https:\/\/lesfousgerent.fr\/index.php\/wp-json\/wp\/v2\/pages\/13672\/revisions"}],"predecessor-version":[{"id":14472,"href":"https:\/\/lesfousgerent.fr\/index.php\/wp-json\/wp\/v2\/pages\/13672\/revisions\/14472"}],"wp:featuredmedia":[{"embeddable":true,"href":"https:\/\/lesfousgerent.fr\/index.php\/wp-json\/"}],"wp:attachment":[{"href":"https:\/\/lesfousgerent.fr\/index.php\/wp-json\/wp\/v2\/media?parent=13672"}],"curies":[{"name":"wp","href":"https:\/\/api.w.org\/{rel}","templated":true}]}}